 units digit of 562729194?
4
What is the thousands digit of 305452655?
2
What is the thousands digit of 16011132?
1
What is the units digit of 1082366762?
2
What is the hundred thousands digit of 2277655096?
6
What is the billions digit of 1858372651?
1
What is the thousands digit of 1013585395?
5
What is the millions digit of 111559346?
1
What is the hundred thousands digit of 106627520?
6
What is the ten thousands digit of 531439267?
3
What is the thousands digit of 1264319298?
9
What is the thousands digit of 106773403?
3
What is the hundreds digit of 66986065?
0
What is the hundred thousands digit of 6744461864?
4
What is the millions digit of 8825888864?
5
What is the hundred millions digit of 527304390?
5
What is the millions digit of 29962869?
9
What is the ten millions digit of 37095403?
3
What is the ten millions digit of 50146731?
5
What is the thousands digit of 142497739?
7
What is the millions digit of 108932360?
8
What is the hundred thousands digit of 60780563?
7
What is the units digit of 74552521?
1
What is the units digit of 7207650462?
2
What is the thousands digit of 6020431?
0
What is the tens digit of 95878406?
0
What is the millions digit of 4311892310?
1
What is the hundred thousands digit of 669812096?
8
What is the hundred millions digit of 117846426?
1
What is the millions digit of 22437687?
2
What is the hundreds digit of 52465934?
9
What is the thousands digit of 180922170?
2
What is the thousands digit of 279405582?
5
What is the units digit of 1066990682?
2
What is the ten thousands digit of 76041118?
4
What is the thousands digit of 2374467186?
7
What is the ten millions digit of 152810987?
5
What is the thousands digit of 144624004?
4
What is the thousands digit of 58498350?
8
What is the ten thousands digit of 1158578356?
7
What is the ten thousands digit of 4784148607?
4
What is the units digit of 1409802277?
7
What is the hundred thousands digit of 172642086?
6
What is the tens digit of 9744450?
5
What is the ten millions digit of 204141523?
0
What is the hundred millions digit of 5997865547?
9
What is the tens digit of 1256259440?
4
What is the hundred millions digit of 2944460278?
9
What is the thousands digit of 95787328?
7
What is the hundreds digit of 158238273?
2
What is the millions digit of 26082583?
6
What is the ten millions digit of 2606723777?
0
What is the units digit of 2036833887?
7
What is the hundred millions digit of 2428521303?
4
What is the millions digit of 61488669?
1
What is the units digit of 933678553?
3
What is the tens digit of 306510997?
9
What is the hundred thousands digit of 45637626?
6
What is the units digit of 1214442934?
4
What is the hundred millions digit of 765002180?
7
What is the ten millions digit of 48700630?
4
What is the thousands digit of 127582557?
2
What is the thousands digit of 6762183275?
3
What is the thousands digit of 107529872?
9
What is the hundred thousands digit of 127450836?
4
What is the hundred thousands digit of 374638637?
6
What is the hundred thousands digit of 7737652777?
6
What is the hundred thousands digit of 22145526?
1
What is the ten millions digit of 3032307683?
3
What is the units digit of 4217312260?
0
What is the tens digit of 90623384?
8
What is the tens digit of 106613147?
4
What is the thousands digit of 1602573556?
3
What is the hundreds digit of 1487477343?
3
What is the ten millions digit of 230476538?
3
What is the millions digit of 702628735?
2
What is the ten thousands digit of 227081310?
8
What is the millions digit of 1860046737?
0
What is the hundred thousands digit of 488027459?
0
What is the ten thousands digit of 145528315?
2
What is the hundred thousands digit of 1984730206?
7
What is the hundreds digit of 63655946?
9
What is the thousands digit of 76376213?
6
What is the ten thousands digit of 21012625?
1
What is the tens digit of 109797439?
3
What is the units digit of 250554087?
7
What is the hundreds digit of 2340624588?
5
What is the hundred thousands digit of 1212974646?
9
What is the millions digit of 1234770498?
4
What is the tens digit of 747637136?
3
What is the hundreds digit of 67722295?
2
What is the units digit of 35512032?
2
What is the thousands digit of 1560352481?
2
What is the billions digit of 4677685355?
4
What is the millions digit of 24666086?
4
What is the hundred millions digit of 578664501?
5
What is the hundreds digit of 935442733?
7
What is the ten thousands digit of 6289225097?
2
What is the tens digit of 278477384?
8
What is the hundred thousands digit of 113214712?
2
What is the tens digit of 355518244?
4
What is the hundred thousands digit of 59767243?
7
What is the ten millions digit of 270656380?
7
What is the hundred millions digit of 1133629552?
1
What is the millions digit of 12005976?
2
What is the hundred millions digit of 296204280?
2
What is the millions digit of 3009195875?
9
What is the ten thousands digit of 35805045?
0
What is the tens digit of 1768615174?
7
What is the hundred thousands digit of 2993688951?
6
What is the units digit of 1325433298?
8
What is the hundred thousands digit of 556693903?
6
What is the ten millions digit of 178053630?
7
What is the hundred thousands digit of 107156108?
1
What is the hundred thousands digit of 4279035342?
0
What is the hundred millions digit of 223448394?
2
What is the thousands digit of 5960817477?
7
What is the thousands digit of 3930630?
0
What is the units digit of 25524406?
6
What is the thousands digit of 95878689?
8
What is the hundred millions digit of 302874597?
3
What is the thousands digit of 440386544?
6
What is the thousands digit of 27961334?
1
What is the hundred millions digit of 345737574?
3
What is the hundred millions digit of 216690592?
2
What is the tens digit of 373936518?
1
What is the units digit of 1092247573?
3
What is the billions digit of 2253435960?
2
What is the millions digit of 115362596?
5
What is the thousands digit of 806094667?
4
What is the millions digit of 154920889?
4
What is the billions digit of 6934226731?
6
What is the millions digit of 131414813?
1
What is the hundred millions digit of 306223653?
3
What is the hundred millions digit of 137775099?
1
What is the hundred thousands digit of 879039?
8
What is the hundreds digit of 98622853?
8
What is the hundreds digit of 1397353000?
0
What is the thousands digit of 1472986451?
6
What is the thousands digit of 823052623?
2
What is the ten millions digit of 2089854237?
8
What is the units digit of 9029066?
6
What is the millions digit of 7267511?
7
What is the ten millions digit of 4572745159?
7
What is the tens digit of 4467096802?
0
What is the millions digit of 251217327?
1
What is the millions digit of 24882342?
4
What is the thousands digit of 2433439753?
9
What is the hundreds digit of 30605959?
9
What is the millions digit of 423943572?
3
What is the hundred millions digit of 1425664320?
4
What is the ten millions digit of 165431819?
6
What is the hundred thousands digit of 5341689323?
6
What is the thousands digit of 5262895140?
5
What is the ten millions digit of 265251033?
6
What is the tens digit of 777704956?
5
What is the hundred thousands digit of 7848928?
8
What is the ten thousands digit of 118095312?
9
What is the hundreds digit of 62418987?
9
What is the ten millions digit of 29584772?
2
What is the tens digit of 1453097368?
6
What is the thousands digit of 147869495?
9
What is the millions digit of 2295231190?
5
What is the hundred thousands digit of 8145792059?
7
What is the hundreds digit of 1021505048?
0
What is the hundreds digit of 60315725?
7
What is the tens digit of 785817534?
3
What is the tens digit of 775219910?
1
What is the hundred thousands digit of 79240711?
2
What is the hundred thousands digit of 100318571?
3
What is the ten thousands digit of 71474714?
7
What is the hundreds digit of 541671287?
2
What is the ten millions digit of 45537779?
4
What is the ten thousands digit of 378605047?
0
What is the ten thousands digit of 1226127703?
2
What is the tens digit of 44312657?
5
What is the tens digit of 4935520099?
9
What is the hundred thousands digit of 4872949984?
9
What is the thousands digit of 410538016?
8
What is the ten thousands digit of 49379869?
7
What is the tens digit of 56776976?
7
What is the